*3/6 - 2967*y**2. Is x(j) prime?
False
Suppose 3*v = -v + 1892. Let g(w) = 4*w**2 + 14*w - 14. Let u be g(-7). Suppose 0 = d - v - u. Is d prime?
True
Is 110/(-88)*(-73924)/5 composite?
False
Suppose -2*m - 206302 - 949504 = -2*q, -1155818 = -2*q + 4*m. Is q composite?
False
Let o = 717 + -712. Suppose 8670 = -o*p + 47575. Is p prime?
False
Let t = 139742 - 68683. Is t a prime number?
True
Suppose 5*g = -d + 54, 62 = 6*g - 13*d + 17*d. Let o(u) = u**2 + 4*u - 5. Let j be o(-5). Suppose g*k - 9*k - 446 = j. Is k a prime number?
True
Let b(v) = -v**3 - 7*v**2 + 3*v - 14. Let h be b(-7). Let s = 37 + h. Suppose -4*r + 4 = 0, s*j - r = -5*r + 560. Is j a prime number?
False
Let a = -45 + 50. Suppose h - 8 = 2*q, -a*h + 2 = 12. Is 1/(q - (-14658)/2931) a composite number?
False
Let h(z) = 44244*z + 2885. Is h(6) composite?
True
Suppose -3*f - 4*y - 132 = f, -3*f - 97 = 2*y. Let r = f + 35. Is (-185115)/(-84) + (-3)/r a composite number?
False
Let o be 12/(-20)*-5 - 229. Let t = o + 500. Is t prime?
False
Suppose -8*q = -287 + 23. Let t = 37327 - -26150. Is (-2)/11 + (t/q)/3 prime?
True
Let j = 74679 + 425972. Is j composite?
True
Let x(c) = 7*c - 12. Let v(g) = -8*g + 12. Let h(m) = -5*v(m) - 6*x(m). Let z be h(5). Suppose -z*l - 5584 = -4*q - 6*l, 3*l = 4*q - 5549. Is q a prime number?
False
Let z = 60 + -56. Let p be 31140/24 - (-1)/z*-2. Suppose d - p = 360. Is d a composite number?
False
Let n(p) = -2*p**3 - 17*p + 2 + 7*p + 29*p**2 + 0*p**3 - 6 - 12*p. Is n(13) a prime number?
False
Suppose -23*n = -116081 - 60306. Is n a prime number?
True
Suppose -43*j = -41*j - 3080. Suppose -3*c + 1385 = -4*o - j, -3 = o. Is c a prime number?
True
Suppose 106 = 3*m - 45*f + 49*f, 0 = -2*f + 8. Suppose -16*u = -m*u + 74662. Is u composite?
False
Let q(g) = 1854*g + 121. Let b be (1/(-3))/((-39)/234). Is q(b) a composite number?
True
Let o(l) = -479*l + 3. Let h be o(-13). Suppose -t - 3*f = 2080, -4*f + 5*f - h = 3*t. Let w = -1112 - t. Is w prime?
False
Let k(q) = -q**3 + 8*q**2 - 11*q - 3. Let u be k(6). Suppose -u*l = -5*l + 6. Suppose 28 = -l*z + 130. Is z a composite number?
True
Let x(b) = -8*b**3 - 294*b**2 - 85*b + 11. Is x(-38) composite?
False
Let t be (-24)/(-20)*20/(-8). Let m be -4 + 33/t - (0 + -1). Is 1070 - (8/(-3) - m/(-42)) a prime number?
False
Suppose 0 = -4*i - 38*n + 33*n + 24627, 5*i - 30830 = 3*n. Is i a prime number?
True
Let j = 39476 + -20913. Is j a composite number?
True
Suppose 15 = 3*w, t - 5*w = -5 - 17. Suppose -t*r + 6*r + 147 = 0. Let n = r - -160. Is n prime?
False
Suppose -4*l - 18850 = l. Let o = 8614 + -9779. Let f = o - l. Is f a prime number?
False
Let u be (10572/60)/((-2)/(-10)). Let g be 6 - 10 - (1 - u). Suppose -892 = -4*l + 5*t, 4*l - 7*t = -6*t + g. Is l prime?
False
Suppose 2*n = -5*p - 2995, p - 4312 = 4*n + 1623. Let d be (-2 - -4 - 1) + -2363. Let i = n - d. Is i a prime number?
True
Let g(m) = 14 + 8*m - 3*m + 7*m - 991*m**2 + 2812*m**2. Is g(-3) a composite number?
True
Let b(k) = 45*k**2 + 21*k + 89. Let u be ((-6)/3 + (-5 - -8))*-11. Is b(u) a composite number?
False
Suppose 177*o = 174*o + 330. Let g = -94 + o. Is 295 - (0 + 3*g/(-12)) a composite number?
True
Let w = -44 + 49. Suppose h - 3310 = 3*k - k, 2*h + w*k - 6647 = 0. Let c = h + -2057. Is c a prime number?
True
Is 14270409/15 - 4/(-10) composite?
False
Suppose -4*w + 4*y = 2524, -1882 + 619 = 2*w - 3*y. Let c be 2/8 + (-1197)/4. Let z = c - w. Is z prime?
True
Suppose 2*u + 9*u - 407 = 0. Let l = u - 31. Is ((-1)/l*2426)/((-2)/6) composite?
False
Is ((50/(-15))/(-5))/((-4)/(-1169742)) prime?
False
Let v = -21 - -26. Suppose 3*f + v = -p + 20, -4*f - p + 19 = 0. Suppose -2*c = 4, 2*x - 7*x + f*c = -5313. Is x composite?
False
Suppose 10596635 + 5187739 = 42*y - 28217640. Is y prime?
True
Suppose 0 = -3*t - 2*b - 75023 + 265916, 3*t = -3*b + 190896. Suppose -13*k + 82608 = -t. Is k a prime number?
False
Is 1*(-4 - -10 - 11) + 1044 a prime number?
True
Suppose 4*u + 5*g - 56836 = 13420, -5*u = -g - 87849. Is u prime?
True
Let l(o) = o - 5. Let j be l(0). Let t(d) = 160 + 160 - 338 - 287*d. Is t(j) composite?
True
Is (8 + -9 + 8)*(-120305)/(-35) composite?
False
Suppose 2*p + 3*p = 15. Suppose -u - 5*x = 2*u + 601, -p*u - 3*x = 591. Let b = -61 - u. Is b a prime number?
True
Let y(q) = 1040*q + 1797. Is y(10) a composite number?
False
Suppose -560 = u + 83. Let m = u + 960. Is m composite?
False
Suppose -s + 38281 = -5*x, -x - 38257 = -s - 0*s. Is s a prime number?
False
Let i(s) = 2*s**3 + 31*s**2 + 41*s + 2. Let x(t) = -t**3 - 16*t**2 - 21*t - 1. Let c(r) = -4*i(r) - 9*x(r). Is c(-17) prime?
True
Let r(f) = 2*f**2 - 5*f - 2. Suppose 15 = -5*c, -j + 0*c = -2*c - 2. Let o be r(j). Suppose o = 3*d - 61. Is d composite?
False
Suppose t = 2*j + 66283, 4*t + 113087 - 378147 = -4*j. Is t a prime number?
True
Is (0 - (-476108)/14)/((-30)/(-105)) a composite number?
False
Let n = 9534 + -5231. Is n a prime number?
False
Let k(r) = -r**3 - 3*r**2 + r + 16. Suppose 1 + 14 = -3*m. Let a be k(m). Let f = 208 + a. Is f a composite number?
False
Let l = -1359031 + 2312142. Is l composite?
False
Let c(k) = -2*k - 18. Let z be c(-12). Suppose g - z = -g. Is -276*4/(-6) + g a prime number?
False
Let m(x) = -2*x**2 + x + 6. Let j be m(0). Suppose -452 - 556 = -j*k. Let q = -117 + k. Is q a composite number?
True
Let l(b) = 340*b**2 + 3*b + 63. Let w be l(-13). Suppose -27*s - s = -w. Is s a composite number?
False
Let t = 39 + -36. Let w(c) = 106*c**2 - 9*c + 20. Let y be w(t). Let d = y - 262. Is d a prime number?
False
Let z = 31 + -31. Suppose z = 9*c - 36 - 72. Suppose 0 = -c*m + 2555 + 5713. Is m composite?
True
Suppose 5*w - 10*w = -3*h - 14, 4*h + 5*w + 42 = 0. Let a(b) = -204*b + 147. Is a(h) a prime number?
False
Let w(r) be the first derivative of r**2 - 22*r + 20. Let n be w(13). Is n*(-3)/66 + 13974/22 composite?
True
Suppose 96318 - 344726 = -8*m. Is m composite?
False
Suppose 16*g - 49 + 1 = 0. Is (-18)/(g/1)*13796/(-24) prime?
True
Suppose a - 504709 = 3*q, 152*a + 1514193 = 155*a + 2*q. Is a a prime number?
True
Let t = 34 + 4. Let h = -36 + t. Suppose -h*z + 1140 = -1162. Is z a composite number?
False
Let s = 5019 + -2846. Suppose 15*b = s + 1352. Is b a composite number?
True
Let y be 132/(-363)*11/(-2). Suppose -2*z - 5325 = -5*n, 7*z - 4293 = -4*n + y*z. Is n a composite number?
True
Let a(v) = -2*v + 3*v**2 + 2*v + 0*v**2. Let m be a(-1). Suppose 2*z + b = m*b + 652, -5*z + 1680 = 5*b. Is z a prime number?
True
Let v(t) = 12*t - 284. Let f be v(24). Suppose f*c + 1325 = 28129. Is c composite?
False
Suppose -5*x = b - 22, 3*x + 2*x = -4*b + 28. Let u = 6 - x. Is u/9 - (-370)/(-18)*-59 prime?
True
Let o(v) = 0 - 30 + 110 + 359*v + 61. Is o(20) composite?
False
Suppose -15*x + 16104 = -19*x. Suppose 10*k = -2*k + 100236. Let u = k + x. Is u a composite number?
False
Let t be (2*3)/((-5)/(-15)). Suppose t = q - 7*q. Is (2 - q)/(-1) - -262 composite?
False
Let w(z) = -6*z + 72. Let d be w(15). Suppose -3*i - 269 = -5*b - 26, 2*i = 2*b - 158. Let h = d - i. Is h a composite number?
True
Let d be -132*((-1 - -6) + 14405/(-15)). Suppose 0 = -11*b + 157597 + d. Is b prime?
False
Let l(t) = t**3 - 11*t**2 + t - 11. Let a be l(11). Let p(j) = j + 4. Let h be p(a). Suppose 406 = 6*x - h*x. Is x prime?
False
Let s(o) = -5*o - 8. Let w be s(-2). Suppose 8 = w*f + 14. Is 8/2 + (1357 + -3 - f) prime?
True
Let g(i) = 23*i**2 - 38*i - 59. Let r(b) = -12*b**2 + 19*b + 29. Let d(m) = -4*g(m) - 9*r(m). Is d(10) prime?
False
Is (1 - 6/(-3))/((-720)/(-174590160)) composite?
False
Suppose c + 0*t = 2*t + 747165, -3*t - 1494336 = -2*c. Is c a composite number?
True
Let c(j) = -3*j + 48. Let z be c(16). Is (-1 + z)*-1891 + (-20 - -22) composite?
True
Suppose 2352 = 5*m - 3443. Suppose -3*l + 7*l = -2*f + 6590, 5*f + 4*l - 16481 = 0. Suppose m = -x + f. Is x a composite number?
True
Let c be 170/4*56/10. Let m be 349/(-1*(0 + 5/(-5))). Let s = m + c. Is s prime?
True
Suppose -4*o + 3*o + a = -11, 0 = 3*o - 5*a - 27. Suppose -12*n = -o*n. Suppose w - 617 = 5*g + 768, 5*w + 3*g - 6925 = n. Is w a prime number?
False
Let c = 203 - 200. Is 47*47 + (c - 9) a composite number?
False
Suppose -3*n + 3 = 0, -5*h - 19 = -3*h - n. Let m(w) = -883*w + 55. Let y be m(h). Let